of 620?
True
Does 20 divide 11680?
True
Is 18 a factor of 79127?
False
Is 72756 a multiple of 188?
True
Is 16 a factor of 2976?
True
Is 236 a multiple of 7?
False
Does 24 divide 2016?
True
Is 5240 a multiple of 9?
False
Is 82 a factor of 2291?
False
Does 13 divide 132?
False
Is 1715 a multiple of 35?
True
Is 25262 a multiple of 67?
False
Is 308 a multiple of 11?
True
Is 135 a factor of 50158?
False
Does 8 divide 28832?
True
Is 55 a factor of 3520?
True
Is 1311 a multiple of 19?
True
Does 288 divide 13824?
True
Does 139 divide 2427?
False
Is 884 a multiple of 17?
True
Is 493 a multiple of 17?
True
Does 8 divide 2024?
True
Is 212 even?
True
Is 258 a multiple of 43?
True
Is 24 a factor of 360?
True
Is 367 a multiple of 7?
False
Is 16745 a multiple of 17?
True
Does 6 divide 524?
False
Does 220 divide 24640?
True
Does 33 divide 1801?
False
Is 11 a factor of 664?
False
Is 6315 a multiple of 60?
False
Does 4 divide 7632?
True
Is 12 a factor of 4407?
False
Is 1221 a multiple of 33?
True
Is 14 a factor of 3766?
True
Is 15 a factor of 24825?
True
Is 6260 a multiple of 96?
False
Does 3 divide 587?
False
Does 37 divide 3515?
True
Is 1566 a multiple of 123?
False
Does 75 divide 5819?
False
Is 136 a factor of 4913?
False
Does 6 divide 317?
False
Is 30 a factor of 752?
False
Is 34 a factor of 1394?
True
Is 13 a factor of 26572?
True
Is 9 a factor of 41748?
False
Is 58240 a multiple of 16?
True
Is 103 a multiple of 8?
False
Does 27 divide 6399?
True
Is 5162 a multiple of 18?
False
Is 25638 a multiple of 29?
False
Is 167 a multiple of 76?
False
Is 96 a multiple of 16?
True
Is 920 a multiple of 88?
False
Is 16 a factor of 381?
False
Is 18317 a multiple of 13?
True
Is 1026 a multiple of 61?
False
Is 5319 a multiple of 6?
False
Is 4740 a multiple of 8?
False
Is 12358 a multiple of 74?
True
Does 4 divide 28805?
False
Is 12 a factor of 924?
True
Does 14 divide 58417?
False
Is 532 a multiple of 38?
True
Is 31 a factor of 16905?
False
Does 101 divide 3206?
False
Is 3300 a multiple of 15?
True
Is 2775 a multiple of 25?
True
Does 11 divide 891?
True
Does 22 divide 1122?
True
Is 138 a factor of 53429?
False
Does 25 divide 837?
False
Does 43 divide 19724?
False
Is 18 a factor of 1064?
False
Is 8 a factor of 8092?
False
Is 5 a factor of 211?
False
Is 28175 a multiple of 49?
True
Does 9 divide 711?
True
Is 16 a factor of 8208?
True
Does 98 divide 1633?
False
Is 17 a factor of 2147?
False
Does 3 divide 921?
True
Does 90 divide 1710?
True
Is 12 a factor of 43788?
True
Does 24 divide 768?
True
Is 11 a factor of 1337?
False
Is 14300 a multiple of 44?
True
Does 21 divide 2008?
False
Is 42 a factor of 7966?
False
Does 333 divide 94905?
True
Does 10 divide 1370?
True
Is 113 a factor of 5650?
True
Is 6 a factor of 232?
False
Is 840 a multiple of 30?
True
Is 1937 a multiple of 13?
True
Is 19512 a multiple of 9?
True
Does 74 divide 10141?
False
Is 1338 a multiple of 49?
False
Is 3360 even?
True
Does 69 divide 40683?
False
Does 6 divide 90?
True
Is 12 a factor of 960?
True
Is 110 a factor of 100980?
True
Is 20 a factor of 1695?
False
Is 10 a factor of 73?
False
Is 76 a factor of 2204?
True
Is 11896 a multiple of 8?
True
Is 55 a multiple of 5?
True
Is 1746 a multiple of 18?
True
Is 45315 a multiple of 265?
True
Is 22 a factor of 1669?
False
Is 31 a factor of 1298?
False
Is 1771 a multiple of 161?
True
Does 2 divide 520?
True
Is 16 a multiple of 4?
True
Is 102 a factor of 5508?
True
Is 2 a factor of 5225?
False
Is 8487 a multiple of 41?
True
Is 8220 a multiple of 10?
True
Is 4 a factor of 964?
True
Is 23918 a multiple of 11?
False
Is 57094 a multiple of 23?
False
Is 721 a multiple of 5?
False
Is 1057 a multiple of 9?
False
Does 8 divide 1232?
True
Is 9102 a multiple of 12?
False
Does 35 divide 1862?
False
Is 111 a factor of 4218?
True
Does 45 divide 3670?
False
Is 1227 a multiple of 11?
False
Is 4 a factor of 3100?
True
Is 29 a factor of 435?
True
Is 46 a factor of 1748?
True
Does 5 divide 303?
False
Is 16 a factor of 5984?
True
Is 32 a multiple of 32?
True
Is 26499 a multiple of 147?
False
Does 145 divide 36086?
False
Is 55 a factor of 379?
False
Does 110 divide 18370?
True
Is 106 a factor of 43354?
True
Is 24 a factor of 21341?
False
Is 5656 a multiple of 56?
True
Is 12124 a multiple of 3?
False
Is 1870 a multiple of 34?
True
Is 191 a factor of 7258?
True
Does 125 divide 6125?
True
Does 10 divide 140?
True
Is 51 a factor of 37833?
False
Is 13 a factor of 216?
False
Is 14340 a multiple of 4?
True
Is 26 a factor of 1092?
True
Does 96 divide 16008?
False
Is 13286 a multiple of 41?
False
Is 169 even?
False
Is 1625 a multiple of 28?
False
Is 39380 a multiple of 20?
True
Is 10 a factor of 480?
True
Is 12 a factor of 8664?
True
Is 5520 a multiple of 40?
True
Is 19 a factor of 93955?
True
Does 4 divide 580?
True
Is 9177 a multiple of 48?
False
Does 35 divide 1434?
False
Is 250 even?
True
Does 24 divide 9375?
False
Is 39 a factor of 8112?
True
Is 21 a factor of 459?
False
Does 160 divide 15360?
True
Is 4 a factor of 16?
True
Does 117 divide 418?
False
Does 12 divide 17892?
True
Is 92 a multiple of 4?
True
Does 54 divide 11502?
True
Is 8640 a multiple of 45?
True
Is 16 a factor of 787?
False
Is 4004 a multiple of 28?
True
Is 18 a factor of 1698?
False
Does 42 divide 308?
False
Does 52 divide 8372?
True
Is 404 a multiple of 10?
False
Is 140 a multiple of 4?
True
Does 157 divide 3553?
False
Is 3 a factor of 631?
False
Is 333 a multiple of 24?
False
Is 3595 a multiple of 73?
False
Is 47732 a multiple of 60?
False
Is 31 a factor of 808?
False
Is 6 a factor of 261?
False
Is 6 a factor of 36402?
True
Does 15 divide 60?
True
Is 1400 a multiple of 25?
True
Does 13 divide 41296?
False
Is 61600 a multiple of 224?
True
Does 63 divide 9487?
False
Is 2106 a multiple of 18?
True
Is 100 a factor of 44500?
True
Is 236 a factor of 4980?
False
Is 207 a multiple of 4?
False
Is 3180 even?
True
Does 17 divide 7140?
True
Does 17 divide 8391?
False
Is 3770 a multiple of 10?
True
Is 59 a factor of 8850?
True
Is 2533 a multiple of 18?
False
Is 411 a multiple of 7?
False
Is 5 a factor of 120?
True
Does 2 divide 60?
True
Is 8 a factor of 42137?
False
Is 140 a multiple of 70?
True
Is 127 a factor of 8663?
False
Is 19008 a multiple of 11?
True
Is 20 a factor of 66662?
False
Does 2 divide 32?
True
Is 11 a factor of 818?
False
Is 15744 a multiple of 64?
True
Is 516 a multiple of 31?
False
Does 23 divide 9511?
False
Does 45 divide 18003?
False
Does 5 divide 49205?
True
Is 19836 a multiple of 25?
False
Does 11 divide 1136?
False
Is 276 a multiple of 83?
False
Is 29 a factor of 280?
False
Does 20 divide 70540?
True
Is 226 a multiple of 69?
False
Is 31 a factor of 423?
False
Is 10595 a multiple of 150?
False
Is 33 a factor of 13464?
True
Does 8 divide 8105?
False
Is 194 a multiple of 5?
False
Is 4646 a multiple of 46?
True
Is 20 a factor of 29980?
True
Is 14 a factor of 350?
True
Is 5740 a multiple of 35?
True
Is 20224 a multiple of 316?
True
Is 15 a factor of 1922?
False
Does 11 divide 3817?
True
Is 3487 a multiple of 9?
False
Does 363 divide 52576?
False
Is 78 a multiple of 39?
True
Is 5586 a multiple of 98?
True
Is 20 a factor of 660?
True
Does 34 divide 5783?
False
Is 34828 a multiple of 124?
False
Does 34 divide 10656?
False
Does 7 divide 38255?
True
Is 15210 a multiple of 59?
False
Is 20 a factor of 940?
True
Does 84 divide 1512?
True
Is 29754 a multiple of 174?
True
Does 42 divide 557?
False
Is 5 a factor of 340?
True
Is 126 a factor of 22419?
False
Is 19245 a multiple of 15?
True
Is 20 a factor of 504?
False
Is 19704 a multiple of 76?
False
Is 2 a factor of 3616?
True
Is 7 a factor of 4739?
True
Does 79 divide 17745?
False
Does 43 divide 1399?
False
Is 36030 a multiple of 30?
True
Does 66 divide 5587?
False
Does 110 divide 5390?
True
Does 64 divide 9152?
True
Is 171 a factor of 8759?
False
Is 23661 a multiple of 139?
False
Does 6 divide 234?
True
Is 1365 a multiple of 13?
True
Does 8 divide 12574?
False
Is 15 a factor of 6120?
True
Does 46 divide 188?
False
Does 246 divide 24108?
True
Does 19 divide 14174?
True
Is 6 a factor of 769?
False
Is 63 a factor of 630?
True
Is 6 a factor of 270?
True
Is 33 a factor of 14487?
True
Does 17 divide 444?
False
Is 696 a multiple of 6?
True
Does 77 divide 17178?
False
Does 40 div